{"id":2,"date":"2016-05-10T03:48:21","date_gmt":"2016-05-10T03:48:21","guid":{"rendered":"http:\/\/sirmystic.com\/?page_id=2"},"modified":"2019-04-12T15:57:08","modified_gmt":"2019-04-12T15:57:08","slug":"sample-page","status":"publish","type":"page","link":"https:\/\/sirmystic.com\/","title":{"rendered":"Welcome"},"content":{"rendered":"\t\t<div data-elementor-type=\"wp-post\" data-elementor-id=\"2\" class=\"elementor elementor-2\">\n\t\t\t\t\t\t<section class=\"elementor-section elementor-top-section elementor-element elementor-element-bf149c8 elementor-section-boxed elementor-section-height-default elementor-section-height-default\" data-id=\"bf149c8\" data-element_type=\"section\" data-e-type=\"section\">\n\t\t\t\t\t\t<div class=\"elementor-container elementor-column-gap-default\">\n\t\t\t\t\t<div class=\"elementor-column elementor-col-100 elementor-top-column elementor-element elementor-element-026c1b7\" data-id=\"026c1b7\" data-element_type=\"column\" data-e-type=\"column\">\n\t\t\t<div class=\"elementor-widget-wrap elementor-element-populated\">\n\t\t\t\t\t\t<div class=\"elementor-element elementor-element-be78600 elementor-widget elementor-widget-heading\" data-id=\"be78600\" data-element_type=\"widget\" data-e-type=\"widget\" id=\"info\" data-widget_type=\"heading.default\">\n\t\t\t\t<div class=\"elementor-widget-container\">\n\t\t\t\t\t<h2 class=\"elementor-heading-title elementor-size-default\">Info<\/h2>\t\t\t\t<\/div>\n\t\t\t\t<\/div>\n\t\t\t\t\t<\/div>\n\t\t<\/div>\n\t\t\t\t\t<\/div>\n\t\t<\/section>\n\t\t\t\t<section class=\"elementor-section elementor-top-section elementor-element elementor-element-2b074d4 elementor-section-boxed elementor-section-height-default elementor-section-height-default\" data-id=\"2b074d4\" data-element_type=\"section\" data-e-type=\"section\">\n\t\t\t\t\t\t<div class=\"elementor-container elementor-column-gap-default\">\n\t\t\t\t\t<div class=\"elementor-column elementor-col-66 elementor-top-column elementor-element elementor-element-3d09e83\" data-id=\"3d09e83\" data-element_type=\"column\" data-e-type=\"column\">\n\t\t\t<div class=\"elementor-widget-wrap elementor-element-populated\">\n\t\t\t\t\t\t<div class=\"elementor-element elementor-element-a0f6e03 elementor-tabs-view-horizontal elementor-widget elementor-widget-tabs\" data-id=\"a0f6e03\" data-element_type=\"widget\" data-e-type=\"widget\" data-widget_type=\"tabs.default\">\n\t\t\t\t<div class=\"elementor-widget-container\">\n\t\t\t\t\t\t\t<div class=\"elementor-tabs\">\n\t\t\t<div class=\"elementor-tabs-wrapper\" role=\"tablist\" >\n\t\t\t\t\t\t\t\t\t<div id=\"elementor-tab-title-1681\" class=\"elementor-tab-title elementor-tab-desktop-title\" aria-selected=\"true\" data-tab=\"1\" role=\"tab\" tabindex=\"0\" aria-controls=\"elementor-tab-content-1681\" aria-expanded=\"false\">deutsch<\/div>\n\t\t\t\t\t\t\t\t\t<div id=\"elementor-tab-title-1682\" class=\"elementor-tab-title elementor-tab-desktop-title\" aria-selected=\"false\" data-tab=\"2\" role=\"tab\" tabindex=\"-1\" aria-controls=\"elementor-tab-content-1682\" aria-expanded=\"false\">english<\/div>\n\t\t\t\t\t\t\t<\/div>\n\t\t\t<div class=\"elementor-tabs-content-wrapper\" role=\"tablist\" aria-orientation=\"vertical\">\n\t\t\t\t\t\t\t\t\t<div class=\"elementor-tab-title elementor-tab-mobile-title\" aria-selected=\"true\" data-tab=\"1\" role=\"tab\" tabindex=\"0\" aria-controls=\"elementor-tab-content-1681\" aria-expanded=\"false\">deutsch<\/div>\n\t\t\t\t\t<div id=\"elementor-tab-content-1681\" class=\"elementor-tab-content elementor-clearfix\" data-tab=\"1\" role=\"tabpanel\" aria-labelledby=\"elementor-tab-title-1681\" tabindex=\"0\" hidden=\"false\"><p>Sir Mystic hei\u00dft eigentlich Yeboah Bediako. Und jetzt hat der Songwriter, S\u00e4nger, Gitarrist, Arrangeur und Produzent sein neues Album\u00a0<span style=\"font-weight: bold;\"><i>Hey Hello<\/i><\/span>\u00a0auf den Markt gebracht. Ob quirlige Rhythmen, besinnliche Balladen oder poppig-eing\u00e4ngige Songs: Der Ghanaer, der schon seit \u00fcber 20 Jahren in Deutschland lebt, verbindet die Elemente des Reggae, Ragga, R&amp;B, Soul und Gospel in seiner Musik so, dass auf einzigartige Weise die Seele Afrikas zum Leben erweckt wird. Mal fr\u00f6hlich-verspielt, mal melancholisch-nachdenklich, mal auf Englisch, mal in Sir Mystics Muttersprache Twi \u2013 der Rhythmus geht ins Blut und l\u00e4sst auch den gr\u00f6\u00dften Tanzmuffel nicht bewegungslos auf dem Sofa hocken. Der Titelsong des Albums\u00a0<span style=\"font-weight: bold;\"><i>Hey<\/i><\/span>\u00a0<span style=\"font-weight: bold;\"><i>Hello<\/i><\/span>\u00a0erobert die Herzen der Zuh\u00f6rer mit einem interessanten Stilmix aus Ragga und Reggae, durchbrochen von R&amp;B-Kl\u00e4ngen mit Ohrwurmcharakter. \u00dcberzeugen Sie sich selbst!<\/p><\/div>\n\t\t\t\t\t\t\t\t\t<div class=\"elementor-tab-title elementor-tab-mobile-title\" aria-selected=\"false\" data-tab=\"2\" role=\"tab\" tabindex=\"-1\" aria-controls=\"elementor-tab-content-1682\" aria-expanded=\"false\">english<\/div>\n\t\t\t\t\t<div id=\"elementor-tab-content-1682\" class=\"elementor-tab-content elementor-clearfix\" data-tab=\"2\" role=\"tabpanel\" aria-labelledby=\"elementor-tab-title-1682\" tabindex=\"0\" hidden=\"hidden\"><p>Sir Mystic is Yeboah Bediako. And the songwriter, singer, guitarist, arranger and producer just released his album\u00a0<span style=\"font-weight: bold;\"><i>Hey Hello<\/i><\/span>. Whether Lively rhythms, contemplative ballads or pop catchy songs: The Ghanaian, living in Germany for over 20 years now, combines the elements of Reggae, Ragga, R&amp;B, Soul and Gospel in his music and brings the soul of Africa to life in a unique way. Sometimes festive playful, even melancholic and contemplative, in English or in Sir Mystics mother tongue Twi \u2013 the rhythm goes into the bloodstream and can squat also the largest dance ring not motionless on the couch. The title song of the album\u00a0<span style=\"font-weight: bold;\"><i>Hey<\/i>\u00a0<i>Hello<\/i>\u00a0<\/span>reaches the hearts of the audience with an interesting mix of Ragga and Reggae, with a bit of a catchy R&amp;B sound. Check it out!<\/p><\/div>\n\t\t\t\t\t\t\t<\/div>\n\t\t<\/div>\n\t\t\t\t\t\t<\/div>\n\t\t\t\t<\/div>\n\t\t\t\t\t<\/div>\n\t\t<\/div>\n\t\t\t\t<div class=\"elementor-column elementor-col-33 elementor-top-column elementor-element elementor-element-b4c2330\" data-id=\"b4c2330\" data-element_type=\"column\" data-e-type=\"column\">\n\t\t\t<div class=\"elementor-widget-wrap elementor-element-populated\">\n\t\t\t\t\t\t<div class=\"elementor-element elementor-element-c7daced elementor-widget elementor-widget-text-editor\" data-id=\"c7daced\" data-element_type=\"widget\" data-e-type=\"widget\" data-widget_type=\"text-editor.default\">\n\t\t\t\t<div class=\"elementor-widget-container\">\n\t\t\t\t\t\t\t\t\t<div style=\"max-width: 100%;\"><div style=\"position: relative; padding-bottom: calc(56.25% + 88px); height: 0;\"><iframe style=\"position: absolute; top: 0; left: 0;\" src=\"https:\/\/song.link\/embed?url=https:\/\/song.link\/album\/i\/1445284172\" width=\"100%\" height=\"100%\" frameborder=\"0\" allowfullscreen=\"allowfullscreen\"><\/iframe><\/div><\/div>\t\t\t\t\t\t\t\t<\/div>\n\t\t\t\t<\/div>\n\t\t\t\t\t<\/div>\n\t\t<\/div>\n\t\t\t\t\t<\/div>\n\t\t<\/section>\n\t\t\t\t<section class=\"elementor-section elementor-top-section elementor-element elementor-element-81cba4b elementor-section-boxed elementor-section-height-default elementor-section-height-default\" data-id=\"81cba4b\" data-element_type=\"section\" data-e-type=\"section\">\n\t\t\t\t\t\t<div class=\"elementor-container elementor-column-gap-default\">\n\t\t\t\t\t<div class=\"elementor-column elementor-col-100 elementor-top-column elementor-element elementor-element-b8b6da0\" data-id=\"b8b6da0\" data-element_type=\"column\" data-e-type=\"column\">\n\t\t\t<div class=\"elementor-widget-wrap elementor-element-populated\">\n\t\t\t\t\t\t<div class=\"elementor-element elementor-element-a1c6f33 elementor-widget elementor-widget-spacer\" data-id=\"a1c6f33\" data-element_type=\"widget\" data-e-type=\"widget\" data-widget_type=\"spacer.default\">\n\t\t\t\t<div class=\"elementor-widget-container\">\n\t\t\t\t\t\t\t<div class=\"elementor-spacer\">\n\t\t\t<div class=\"elementor-spacer-inner\"><\/div>\n\t\t<\/div>\n\t\t\t\t\t\t<\/div>\n\t\t\t\t<\/div>\n\t\t\t\t\t<\/div>\n\t\t<\/div>\n\t\t\t\t\t<\/div>\n\t\t<\/section>\n\t\t\t\t<section class=\"elementor-section elementor-top-section elementor-element elementor-element-9d5f958 elementor-section-boxed elementor-section-height-default elementor-section-height-default\" data-id=\"9d5f958\" data-element_type=\"section\" data-e-type=\"section\">\n\t\t\t\t\t\t<div class=\"elementor-container elementor-column-gap-default\">\n\t\t\t\t\t<div class=\"elementor-column elementor-col-100 elementor-top-column elementor-element elementor-element-0822533\" data-id=\"0822533\" data-element_type=\"column\" data-e-type=\"column\">\n\t\t\t<div class=\"elementor-widget-wrap elementor-element-populated\">\n\t\t\t\t\t\t<div class=\"elementor-element elementor-element-38ddcd5 elementor-widget elementor-widget-heading\" data-id=\"38ddcd5\" data-element_type=\"widget\" data-e-type=\"widget\" id=\"video\" data-widget_type=\"heading.default\">\n\t\t\t\t<div class=\"elementor-widget-container\">\n\t\t\t\t\t<h2 class=\"elementor-heading-title elementor-size-default\">Video<\/h2>\t\t\t\t<\/div>\n\t\t\t\t<\/div>\n\t\t\t\t\t<\/div>\n\t\t<\/div>\n\t\t\t\t\t<\/div>\n\t\t<\/section>\n\t\t\t\t<section class=\"elementor-section elementor-top-section elementor-element elementor-element-04dfbd6 elementor-section-boxed elementor-section-height-default elementor-section-height-default\" data-id=\"04dfbd6\" data-element_type=\"section\" data-e-type=\"section\">\n\t\t\t\t\t\t<div class=\"elementor-container elementor-column-gap-default\">\n\t\t\t\t\t<div class=\"elementor-column elementor-col-100 elementor-top-column elementor-element elementor-element-9799631\" data-id=\"9799631\" data-element_type=\"column\" data-e-type=\"column\">\n\t\t\t<div class=\"elementor-widget-wrap elementor-element-populated\">\n\t\t\t\t\t\t<div class=\"elementor-element elementor-element-bf98865 elementor-widget elementor-widget-video\" data-id=\"bf98865\" data-element_type=\"widget\" data-e-type=\"widget\" data-settings=\"{&quot;youtube_url&quot;:&quot;https:\\\/\\\/youtu.be\\\/h_bw-uvAxFI&quot;,&quot;video_type&quot;:&quot;youtube&quot;,&quot;controls&quot;:&quot;yes&quot;}\" data-widget_type=\"video.default\">\n\t\t\t\t<div class=\"elementor-widget-container\">\n\t\t\t\t\t\t\t<div class=\"elementor-wrapper elementor-open-inline\">\n\t\t\t<div class=\"elementor-video\"><\/div>\t\t<\/div>\n\t\t\t\t\t\t<\/div>\n\t\t\t\t<\/div>\n\t\t\t\t\t<\/div>\n\t\t<\/div>\n\t\t\t\t\t<\/div>\n\t\t<\/section>\n\t\t\t\t<section class=\"elementor-section elementor-top-section elementor-element elementor-element-0ee5e32 elementor-section-boxed elementor-section-height-default elementor-section-height-default\" data-id=\"0ee5e32\" data-element_type=\"section\" data-e-type=\"section\">\n\t\t\t\t\t\t<div class=\"elementor-container elementor-column-gap-default\">\n\t\t\t\t\t<div class=\"elementor-column elementor-col-100 elementor-top-column elementor-element elementor-element-34f56b2\" data-id=\"34f56b2\" data-element_type=\"column\" data-e-type=\"column\">\n\t\t\t<div class=\"elementor-widget-wrap elementor-element-populated\">\n\t\t\t\t\t\t<div class=\"elementor-element elementor-element-443d54f elementor-widget elementor-widget-spacer\" data-id=\"443d54f\" data-element_type=\"widget\" data-e-type=\"widget\" data-widget_type=\"spacer.default\">\n\t\t\t\t<div class=\"elementor-widget-container\">\n\t\t\t\t\t\t\t<div class=\"elementor-spacer\">\n\t\t\t<div class=\"elementor-spacer-inner\"><\/div>\n\t\t<\/div>\n\t\t\t\t\t\t<\/div>\n\t\t\t\t<\/div>\n\t\t\t\t\t<\/div>\n\t\t<\/div>\n\t\t\t\t\t<\/div>\n\t\t<\/section>\n\t\t\t\t<section class=\"elementor-section elementor-top-section elementor-element elementor-element-8f0e542 elementor-section-boxed elementor-section-height-default elementor-section-height-default\" data-id=\"8f0e542\" data-element_type=\"section\" data-e-type=\"section\">\n\t\t\t\t\t\t<div class=\"elementor-container elementor-column-gap-default\">\n\t\t\t\t\t<div class=\"elementor-column elementor-col-100 elementor-top-column elementor-element elementor-element-f438bb6\" data-id=\"f438bb6\" data-element_type=\"column\" data-e-type=\"column\">\n\t\t\t<div class=\"elementor-widget-wrap elementor-element-populated\">\n\t\t\t\t\t\t<div class=\"elementor-element elementor-element-7bb8ac0 elementor-widget elementor-widget-heading\" data-id=\"7bb8ac0\" data-element_type=\"widget\" data-e-type=\"widget\" data-widget_type=\"heading.default\">\n\t\t\t\t<div class=\"elementor-widget-container\">\n\t\t\t\t\t<h2 class=\"elementor-heading-title elementor-size-default\">Sir Mystic &amp; African Best LIVE<\/h2>\t\t\t\t<\/div>\n\t\t\t\t<\/div>\n\t\t\t\t\t<\/div>\n\t\t<\/div>\n\t\t\t\t\t<\/div>\n\t\t<\/section>\n\t\t\t\t<section class=\"elementor-section elementor-top-section elementor-element elementor-element-5731c57 elementor-section-boxed elementor-section-height-default elementor-section-height-default\" data-id=\"5731c57\" data-element_type=\"section\" data-e-type=\"section\">\n\t\t\t\t\t\t<div class=\"elementor-container elementor-column-gap-default\">\n\t\t\t\t\t<div class=\"elementor-column elementor-col-100 elementor-top-column elementor-element elementor-element-e1da7f1\" data-id=\"e1da7f1\" data-element_type=\"column\" data-e-type=\"column\">\n\t\t\t<div class=\"elementor-widget-wrap elementor-element-populated\">\n\t\t\t\t\t\t<div class=\"elementor-element elementor-element-9949085 elementor-widget elementor-widget-shortcode\" data-id=\"9949085\" data-element_type=\"widget\" data-e-type=\"widget\" data-widget_type=\"shortcode.default\">\n\t\t\t\t<div class=\"elementor-widget-container\">\n\t\t\t\t\t\t\t<div class=\"elementor-shortcode\"><div class=\"ect-portfolio ect-section\"><div class=\"ect-wrapper\"><div class=\"section-content-wrapper portfolio-content-wrapper layout-three\">            <article class=\"ect hentry portfolio-entry\">\n\t<header class=\"portfolio-entry-header entry-header\">\n\n\n\t\t\n\n\t\t<h2 class=\"portfolio-entry-title entry-title\"><a href=\"https:\/\/sirmystic.com\/?portfolio=papa-tchee-ochie\" title=\"Papa Tchee Ochie\">Papa Tchee Ochie<\/a><\/h2>\n\t\t\t\t\t<div class=\"portfolio-entry-meta entry-meta\">\n\t\t\t\t\t\t\t<\/div>\n\t\t\t<\/header>\n\n\t\t\t\t<div class=\"portfolio-entry-content entry-content\"><\/div>\n\t<\/article><!-- close .portfolio-entry --><article class=\"ect hentry portfolio-entry\">\n\t<header class=\"portfolio-entry-header entry-header\">\n\n\n\t\t\n\n\t\t<h2 class=\"portfolio-entry-title entry-title\"><a href=\"https:\/\/sirmystic.com\/?portfolio=me-ye-abrantie\" title=\"Me Ye Abrantie\">Me Ye Abrantie<\/a><\/h2>\n\t\t\t\t\t<div class=\"portfolio-entry-meta entry-meta\">\n\t\t\t\t\t\t\t<\/div>\n\t\t\t<\/header>\n\n\t\t\t\t<div class=\"portfolio-entry-content entry-content\"><\/div>\n\t<\/article><!-- close .portfolio-entry --><article class=\"ect hentry portfolio-entry\">\n\t<header class=\"portfolio-entry-header entry-header\">\n\n\n\t\t\n\n\t\t<h2 class=\"portfolio-entry-title entry-title\"><a href=\"https:\/\/sirmystic.com\/?portfolio=me-boo-me-life\" title=\"Me Boo Me Life\">Me Boo Me Life<\/a><\/h2>\n\t\t\t\t\t<div class=\"portfolio-entry-meta entry-meta\">\n\t\t\t\t\t\t\t<\/div>\n\t\t\t<\/header>\n\n\t\t\t\t<div class=\"portfolio-entry-content entry-content\"><\/div>\n\t<\/article><!-- close .portfolio-entry --><article class=\"ect hentry portfolio-entry\">\n\t<header class=\"portfolio-entry-header entry-header\">\n\n\n\t\t\n\n\t\t<h2 class=\"portfolio-entry-title entry-title\"><a href=\"https:\/\/sirmystic.com\/?portfolio=masan-abaa\" title=\"Masan Abaa\">Masan Abaa<\/a><\/h2>\n\t\t\t\t\t<div class=\"portfolio-entry-meta entry-meta\">\n\t\t\t\t\t\t\t<\/div>\n\t\t\t<\/header>\n\n\t\t\t\t<div class=\"portfolio-entry-content entry-content\"><\/div>\n\t<\/article><!-- close .portfolio-entry --><article class=\"ect hentry portfolio-entry\">\n\t<header class=\"portfolio-entry-header entry-header\">\n\n\n\t\t\n\n\t\t<h2 class=\"portfolio-entry-title entry-title\"><a href=\"https:\/\/sirmystic.com\/?portfolio=maato-aboa\" title=\"Maato Aboa\">Maato Aboa<\/a><\/h2>\n\t\t\t\t\t<div class=\"portfolio-entry-meta entry-meta\">\n\t\t\t\t\t\t\t<\/div>\n\t\t\t<\/header>\n\n\t\t\t\t<div class=\"portfolio-entry-content entry-content\"><\/div>\n\t<\/article><!-- close .portfolio-entry --><article class=\"ect hentry portfolio-entry\">\n\t<header class=\"portfolio-entry-header entry-header\">\n\n\n\t\t\n\n\t\t<h2 class=\"portfolio-entry-title entry-title\"><a href=\"https:\/\/sirmystic.com\/?portfolio=ankwaa-noma\" title=\"Ankwaa Noma\">Ankwaa Noma<\/a><\/h2>\n\t\t\t\t\t<div class=\"portfolio-entry-meta entry-meta\">\n\t\t\t\t\t\t\t<\/div>\n\t\t\t<\/header>\n\n\t\t\t\t<div class=\"portfolio-entry-content entry-content\"><\/div>\n\t<\/article><!-- close .portfolio-entry --><article class=\"ect hentry portfolio-entry\">\n\t<header class=\"portfolio-entry-header entry-header\">\n\n\n\t\t\n\n\t\t<h2 class=\"portfolio-entry-title entry-title\"><a href=\"https:\/\/sirmystic.com\/?portfolio=back-to-my-roots-sir-mystic-african-best-live\" title=\"Back To My Roots\">Back To My Roots<\/a><\/h2>\n\t\t\t\t\t<div class=\"portfolio-entry-meta entry-meta\">\n\t\t\t\t\t\t\t<\/div>\n\t\t\t<\/header>\n\n\t\t\t\t<div class=\"portfolio-entry-content entry-content\"><\/div>\n\t<\/article><!-- close .portfolio-entry --><\/div><!-- .portfolio-content-wrapper --><\/div><!-- .ect-wrapper --><\/div><!-- .ect-section --><\/div>\n\t\t\t\t\t\t<\/div>\n\t\t\t\t<\/div>\n\t\t\t\t\t<\/div>\n\t\t<\/div>\n\t\t\t\t\t<\/div>\n\t\t<\/section>\n\t\t\t\t<section class=\"elementor-section elementor-top-section elementor-element elementor-element-6e2cefc elementor-section-boxed elementor-section-height-default elementor-section-height-default\" data-id=\"6e2cefc\" data-element_type=\"section\" data-e-type=\"section\">\n\t\t\t\t\t\t<div class=\"elementor-container elementor-column-gap-default\">\n\t\t\t\t\t<div class=\"elementor-column elementor-col-100 elementor-top-column elementor-element elementor-element-d0f9918\" data-id=\"d0f9918\" data-element_type=\"column\" data-e-type=\"column\">\n\t\t\t<div class=\"elementor-widget-wrap elementor-element-populated\">\n\t\t\t\t\t\t<div class=\"elementor-element elementor-element-3dd0f10 elementor-widget elementor-widget-spacer\" data-id=\"3dd0f10\" data-element_type=\"widget\" data-e-type=\"widget\" data-widget_type=\"spacer.default\">\n\t\t\t\t<div class=\"elementor-widget-container\">\n\t\t\t\t\t\t\t<div class=\"elementor-spacer\">\n\t\t\t<div class=\"elementor-spacer-inner\"><\/div>\n\t\t<\/div>\n\t\t\t\t\t\t<\/div>\n\t\t\t\t<\/div>\n\t\t\t\t\t<\/div>\n\t\t<\/div>\n\t\t\t\t\t<\/div>\n\t\t<\/section>\n\t\t\t\t<section class=\"elementor-section elementor-top-section elementor-element elementor-element-7dd048d elementor-section-boxed elementor-section-height-default elementor-section-height-default\" data-id=\"7dd048d\" data-element_type=\"section\" data-e-type=\"section\">\n\t\t\t\t\t\t<div class=\"elementor-container elementor-column-gap-default\">\n\t\t\t\t\t<div class=\"elementor-column elementor-col-100 elementor-top-column elementor-element elementor-element-07d242b\" data-id=\"07d242b\" data-element_type=\"column\" data-e-type=\"column\">\n\t\t\t<div class=\"elementor-widget-wrap elementor-element-populated\">\n\t\t\t\t\t\t<div class=\"elementor-element elementor-element-a9dd4fa elementor-widget elementor-widget-heading\" data-id=\"a9dd4fa\" data-element_type=\"widget\" data-e-type=\"widget\" id=\"booking\" data-widget_type=\"heading.default\">\n\t\t\t\t<div class=\"elementor-widget-container\">\n\t\t\t\t\t<h2 class=\"elementor-heading-title elementor-size-default\">Booking<\/h2>\t\t\t\t<\/div>\n\t\t\t\t<\/div>\n\t\t\t\t\t<\/div>\n\t\t<\/div>\n\t\t\t\t\t<\/div>\n\t\t<\/section>\n\t\t\t\t<section class=\"elementor-section elementor-top-section elementor-element elementor-element-11df15e elementor-section-boxed elementor-section-height-default elementor-section-height-default\" data-id=\"11df15e\" data-element_type=\"section\" data-e-type=\"section\">\n\t\t\t\t\t\t<div class=\"elementor-container elementor-column-gap-default\">\n\t\t\t\t\t<div class=\"elementor-column elementor-col-100 elementor-top-column elementor-element elementor-element-4767fb3\" data-id=\"4767fb3\" data-element_type=\"column\" data-e-type=\"column\">\n\t\t\t<div class=\"elementor-widget-wrap elementor-element-populated\">\n\t\t\t\t\t\t<div class=\"elementor-element elementor-element-81dc09a elementor-widget elementor-widget-text-editor\" data-id=\"81dc09a\" data-element_type=\"widget\" data-e-type=\"widget\" data-widget_type=\"text-editor.default\">\n\t\t\t\t<div class=\"elementor-widget-container\">\n\t\t\t\t\t\t\t\t\t<p>sirmystic@gmx.de<\/p>\t\t\t\t\t\t\t\t<\/div>\n\t\t\t\t<\/div>\n\t\t\t\t\t<\/div>\n\t\t<\/div>\n\t\t\t\t\t<\/div>\n\t\t<\/section>\n\t\t\t\t<\/div>\n\t\t","protected":false},"excerpt":{"rendered":"<p>Info deutsch english deutsch Sir Mystic hei\u00dft eigentlich Yeboah Bediako. Und jetzt hat der Songwriter, S\u00e4nger, Gitarrist, Arrangeur und Produzent sein neues [&hellip;]<\/p>\n","protected":false},"author":1,"featured_media":0,"parent":0,"menu_order":0,"comment_status":"closed","ping_status":"open","template":"elementor_header_footer","meta":{"footnotes":""},"class_list":["post-2","page","type-page","status-publish","hentry"],"_links":{"self":[{"href":"https:\/\/sirmystic.com\/index.php?rest_route=\/wp\/v2\/pages\/2","targetHints":{"allow":["GET"]}}],"collection":[{"href":"https:\/\/sirmystic.com\/index.php?rest_route=\/wp\/v2\/pages"}],"about":[{"href":"https:\/\/sirmystic.com\/index.php?rest_route=\/wp\/v2\/types\/page"}],"author":[{"embeddable":true,"href":"https:\/\/sirmystic.com\/index.php?rest_route=\/wp\/v2\/users\/1"}],"replies":[{"embeddable":true,"href":"https:\/\/sirmystic.com\/index.php?rest_route=%2Fwp%2Fv2%2Fcomments&post=2"}],"version-history":[{"count":19,"href":"https:\/\/sirmystic.com\/index.php?rest_route=\/wp\/v2\/pages\/2\/revisions"}],"predecessor-version":[{"id":74,"href":"https:\/\/sirmystic.com\/index.php?rest_route=\/wp\/v2\/pages\/2\/revisions\/74"}],"wp:attachment":[{"href":"https:\/\/sirmystic.com\/index.php?rest_route=%2Fwp%2Fv2%2Fmedia&parent=2"}],"curies":[{"name":"wp","href":"https:\/\/api.w.org\/{rel}","templated":true}]}}